digit of 53214595?
2
What is the hundreds digit of 46159042?
0
What is the hundred thousands digit of 149028041?
0
What is the hundred thousands digit of 51461403?
4
What is the billions digit of 1061543855?
1
What is the ten thousands digit of 27910617?
1
What is the millions digit of 230961863?
0
What is the millions digit of 31543510?
1
What is the hundreds digit of 3338521268?
2
What is the ten millions digit of 843505609?
4
What is the units digit of 24571059?
9
What is the hundreds digit of 114640924?
9
What is the tens digit of 30147206?
0
What is the hundred thousands digit of 1231454487?
4
What is the ten thousands digit of 68819423?
1
What is the units digit of 60496024?
4
What is the hundred millions digit of 1207431617?
2
What is the hundred thousands digit of 562740770?
7
What is the tens digit of 5025826585?
8
What is the hundreds digit of 41432436?
4
What is the hundred thousands digit of 268571786?
5
What is the ten millions digit of 1204278827?
0
What is the hundred millions digit of 648746929?
6
What is the hundred millions digit of 554156393?
5
What is the tens digit of 374443087?
8
What is the thousands digit of 113093247?
3
What is the tens digit of 71708673?
7
What is the hundreds digit of 6505381?
3
What is the hundred millions digit of 5880178673?
8
What is the thousands digit of 84402381?
2
What is the hundred thousands digit of 578759858?
7
What is the tens digit of 309202947?
4
What is the millions digit of 336845521?
6
What is the hundreds digit of 181533262?
2
What is the ten thousands digit of 73076725?
7
What is the tens digit of 251231227?
2
What is the millions digit of 924799091?
4
What is the thousands digit of 553722081?
2
What is the millions digit of 54152647?
4
What is the tens digit of 33568363?
6
What is the thousands digit of 109082961?
2
What is the hundred millions digit of 308420035?
3
What is the thousands digit of 789274593?
4
What is the hundred millions digit of 439382749?
4
What is the units digit of 768654574?
4
What is the ten thousands digit of 78436925?
3
What is the hundred thousands digit of 149285477?
2
What is the hundred thousands digit of 208367975?
3
What is the hundred thousands digit of 114202127?
2
What is the tens digit of 8148165?
6
What is the units digit of 844787?
7
What is the thousands digit of 35904506?
4
What is the units digit of 2067394749?
9
What is the millions digit of 51637912?
1
What is the ten thousands digit of 229332616?
3
What is the units digit of 1734315278?
8
What is the ten millions digit of 6239580724?
3
What is the hundred millions digit of 1072947490?
0
What is the hundred thousands digit of 117756574?
7
What is the tens digit of 5040750307?
0
What is the ten thousands digit of 123359359?
5
What is the millions digit of 5835927765?
5
What is the hundred thousands digit of 38679230?
6
What is the millions digit of 103128517?
3
What is the units digit of 243952531?
1
What is the tens digit of 5616566375?
7
What is the hundred millions digit of 317480001?
3
What is the units digit of 67879989?
9
What is the units digit of 2238937108?
8
What is the hundred millions digit of 580385953?
5
What is the units digit of 573368186?
6
What is the ten thousands digit of 108142031?
4
What is the hundred thousands digit of 781942868?
9
What is the hundred thousands digit of 91898339?
8
What is the thousands digit of 1792628557?
8
What is the tens digit of 410761177?
7
What is the tens digit of 272934556?
5
What is the billions digit of 2176233838?
2
What is the ten thousands digit of 1190262061?
6
What is the units digit of 556511245?
5
What is the thousands digit of 901695329?
5
What is the ten millions digit of 43447524?
4
What is the ten millions digit of 2211634069?
1
What is the ten millions digit of 107698078?
0
What is the tens digit of 23128095?
9
What is the millions digit of 262622341?
2
What is the ten thousands digit of 62866268?
6
What is the hundred thousands digit of 562393119?
3
What is the thousands digit of 14320445?
0
What is the millions digit of 29370736?
9
What is the units digit of 43326526?
6
What is the hundreds digit of 95858684?
6
What is the hundred millions digit of 3646573703?
6
What is the hundreds digit of 31559083?
0
What is the hundred millions digit of 114932801?
1
What is the thousands digit of 3025042?
5
What is the ten thousands digit of 212071182?
7
What is the hundreds digit of 21404915?
9
What is the ten millions digit of 92431610?
9
What is the hundred millions digit of 429263266?
4
What is the tens digit of 771700385?
8
What is the ten thousands digit of 25739944?
3
What is the ten thousands digit of 85348277?
4
What is the hundred millions digit of 236001557?
2
What is the ten thousands digit of 89574977?
7
What is the hundred millions digit of 193812912?
1
What is the hundred thousands digit of 5727011668?
0
What is the tens digit of 1632035967?
6
What is the millions digit of 1174889481?
4
What is the hundreds digit of 463527550?
5
What is the ten millions digit of 57006267?
5
What is the hundreds digit of 1373771589?
5
What is the units digit of 1015170207?
7
What is the millions digit of 582715024?
2
What is the thousands digit of 1143564208?
4
What is the millions digit of 1090596755?
0
What is the millions digit of 972630015?
2
What is the millions digit of 1640862555?
0
What is the tens digit of 49376608?
0
What is the hundred thousands digit of 574174238?
1
What is the hundred thousands digit of 338843328?
8
What is the units digit of 154832859?
9
What is the thousands digit of 3524621169?
1
What is the hundreds digit of 121363521?
5
What is the hundred thousands digit of 22326373?
3
What is the hundreds digit of 2855632759?
7
What is the ten millions digit of 630555214?
3
What is the tens digit of 31003779?
7
What is the units digit of 506328631?
1
What is the millions digit of 5124855?
5
What is the ten thousands digit of 52862621?
6
What is the hundred millions digit of 117287052?
1
What is the hundreds digit of 420634138?
1
What is the hundreds digit of 940471473?
4
What is the hundreds digit of 355910131?
1
What is the units digit of 260436761?
1
What is the millions digit of 7029320?
7
What is the ten thousands digit of 120393732?
9
What is the hundreds digit of 18193566?
5
What is the hundred thousands digit of 142357627?
3
What is the thousands digit of 246156307?
6
What is the tens digit of 71842616?
1
What is the ten millions digit of 340843039?
4
What is the hundreds digit of 2754673333?
3
What is the hundred thousands digit of 44658262?
6
What is the thousands digit of 162609057?
9
What is the ten thousands digit of 114554516?
5
What is the hundred millions digit of 552590321?
5
What is the ten thousands digit of 33454385?
5
What is the ten millions digit of 897841303?
9
What is the ten thousands digit of 30250686?
5
What is the hundreds digit of 1396811075?
0
What is the ten thousands digit of 139032612?
3
What is the ten thousands digit of 293245318?
4
What is the thousands digit of 114627217?
7
What is the hundred thousands digit of 120424609?
4
What is the units digit of 560284619?
9
What is the hundred thousands digit of 929485400?
4
What is the ten thousands digit of 56584568?
8
What is the ten thousands digit of 383554328?
5
What is the hundreds digit of 236604874?
8
What is the hundred thousands digit of 41912432?
9
What is the units digit of 1221407856?
6
What is the hundred millions digit of 249721249?
2
What is the ten millions digit of 95607794?
9
What is the tens digit of 55031195?
9
What is the hundred thousands digit of 42211393?
2
What is the hundreds digit of 466545076?
0
What is the hundreds digit of 68838533?
5
What is the thousands digit of 2947258636?
8
What is the hundred millions digit of 2786118443?
7
What is the thousands digit of 256815898?
5
What is the hundreds digit of 51911544?
5
What is the millions digit of 177963980?
7
What is the hundred millions digit of 237904936?
2
What is the units digit of 428575598?
8
What is the millions digit of 46550620?
6
What is the hundred millions digit of 352254993?
3
What is the ten millions digit of 136888973?
3
What is the thousands digit of 23998281?
8
What is the units digit of 606877039?
9
What is the hundred thousands digit of 1690